{"id":57,"date":"2019-07-11T10:22:12","date_gmt":"2019-07-11T10:22:12","guid":{"rendered":"https:\/\/galerii.kirmus.ee\/elulood\/?page_id=57"},"modified":"2020-03-25T08:59:00","modified_gmt":"2020-03-25T08:59:00","slug":"eluloovoistlus-2016","status":"publish","type":"page","link":"https:\/\/galerii.kirmus.ee\/elulood\/ajalugu-tegevus\/eluloovoistlus-2016\/","title":{"rendered":"Eluloov\u00f5istlus 2016"},"content":{"rendered":"\t\t<div data-elementor-type=\"wp-post\" data-elementor-id=\"57\" class=\"elementor elementor-57\">\n\t\t\t\t\t\t<section class=\"elementor-section elementor-top-section elementor-element elementor-element-cd99098 elementor-section-boxed elementor-section-height-default elementor-section-height-default\" data-id=\"cd99098\" data-element_type=\"section\">\n\t\t\t\t\t\t<div class=\"elementor-container elementor-column-gap-default\">\n\t\t\t\t\t<div class=\"elementor-column elementor-col-100 elementor-top-column elementor-element elementor-element-0755e93\" data-id=\"0755e93\" data-element_type=\"column\">\n\t\t\t<div class=\"elementor-widget-wrap elementor-element-populated\">\n\t\t\t\t\t\t<div class=\"elementor-element elementor-element-644f675 elementor-widget elementor-widget-text-editor\" data-id=\"644f675\" data-element_type=\"widget\" data-widget_type=\"text-editor.default\">\n\t\t\t\t<div class=\"elementor-widget-container\">\n\t\t\t\t\t\t\t<p><span class=\"orange\"><b>2015. aasta detsembrist kuni 2017. aasta jaanuarini leidis aset eluloov\u00f5istlus \u201cEesti Vabariik 100. Minu elu ja armastus\u201d<\/b><\/span><\/p>\t\t\t\t\t\t<\/div>\n\t\t\t\t<\/div>\n\t\t\t\t<div class=\"elementor-element elementor-element-ee01f6b elementor-widget elementor-widget-text-editor\" data-id=\"ee01f6b\" data-element_type=\"widget\" data-widget_type=\"text-editor.default\">\n\t\t\t\t<div class=\"elementor-widget-container\">\n\t\t\t\t\t\t\t<p>2015. aasta detsembrist kuni 2017. aasta jaanuarini leidis aset eluloov\u00f5istlus \u201c<strong>Eesti Vabariik 100. Minu elu ja armastus<\/strong>\u201c. V\u00f5istlus l\u00f5petati ja \u00e4ram\u00e4rgitud tehti teatavaks Eesti Kirjandusmuuseumis eluloo- ja kaast\u00f6\u00f6liste p\u00e4eval 04.04.2017.<\/p>\t\t\t\t\t\t<\/div>\n\t\t\t\t<\/div>\n\t\t\t\t\t<\/div>\n\t\t<\/div>\n\t\t\t\t\t<\/div>\n\t\t<\/section>\n\t\t\t\t<section class=\"elementor-section elementor-top-section elementor-element elementor-element-525924c elementor-section-boxed elementor-section-height-default elementor-section-height-default\" data-id=\"525924c\" data-element_type=\"section\">\n\t\t\t\t\t\t<div class=\"elementor-container elementor-column-gap-default\">\n\t\t\t\t\t<div class=\"elementor-column elementor-col-100 elementor-top-column elementor-element elementor-element-de75b3c\" data-id=\"de75b3c\" data-element_type=\"column\">\n\t\t\t<div class=\"elementor-widget-wrap elementor-element-populated\">\n\t\t\t\t\t\t<div class=\"elementor-element elementor-element-765919c elementor-widget elementor-widget-text-editor\" data-id=\"765919c\" data-element_type=\"widget\" data-widget_type=\"text-editor.default\">\n\t\t\t\t<div class=\"elementor-widget-container\">\n\t\t\t\t\t\t\t<p>V\u00f5istlusele saadeti 193 kaast\u00f6\u00f6d. Saadetud elulugude seas on kirjutisi eestlastelt \u00fcle maailma, neid on eesti, inglise, saksa, rootsi ja ka v\u00f5ro keeles. Laekus nii k\u00f6idetud suguv\u00f5saraamatuid kui huvitavaid kogemuslugusid. V\u00f5istlusel v\u00e4lja kuulutatud armastuse-teema tuleb esile vaoshoitult, kuid see<\/p>\t\t\t\t\t\t<\/div>\n\t\t\t\t<\/div>\n\t\t\t\t\t<\/div>\n\t\t<\/div>\n\t\t\t\t\t<\/div>\n\t\t<\/section>\n\t\t\t\t<section class=\"elementor-section elementor-top-section elementor-element elementor-element-748c7f7 elementor-section-boxed elementor-section-height-default elementor-section-height-default\" data-id=\"748c7f7\" data-element_type=\"section\">\n\t\t\t\t\t\t<div class=\"elementor-container elementor-column-gap-default\">\n\t\t\t\t\t<div class=\"elementor-column elementor-col-100 elementor-top-column elementor-element elementor-element-98b1b49\" data-id=\"98b1b49\" data-element_type=\"column\">\n\t\t\t<div class=\"elementor-widget-wrap elementor-element-populated\">\n\t\t\t\t\t\t<div class=\"elementor-element elementor-element-aaa94a8 elementor-widget elementor-widget-text-editor\" data-id=\"aaa94a8\" data-element_type=\"widget\" data-widget_type=\"text-editor.default\">\n\t\t\t\t<div class=\"elementor-widget-container\">\n\t\t\t\t\t\t\t<p>on kirjutistes t\u00e4iesti olemas. \u201eKui seda v\u00e4ljendataks suurtest emotsioonidest tulvil, siis ma ei usuks seda,\u201c t\u00f5des \u017e\u00fcrii liige Merle Karusoo. Kuna kirjutajate hulka on astunud uued p\u00f5lvkonnad, kajastatakse varasemast v\u00e4hem 20. sajandi keskpaiga p\u00f6\u00f6rdelisi aegu ja rohkem elusaatuste kujunemist l\u00e4himinevikust. \u017d\u00fcriisse kuulus seitse elulugudega erineval moel tegelevat inimest.<\/p>\t\t\t\t\t\t<\/div>\n\t\t\t\t<\/div>\n\t\t\t\t<div class=\"elementor-element elementor-element-6951a1a elementor-widget elementor-widget-text-editor\" data-id=\"6951a1a\" data-element_type=\"widget\" data-widget_type=\"text-editor.default\">\n\t\t\t\t<div class=\"elementor-widget-container\">\n\t\t\t\t\t\t\t<p>Ehedamad elulood on plaanis avaldada Eesti Vabariigi 100. s\u00fcnnip\u00e4evaks raamatus \u201e<strong>Eesti rahva elulood<\/strong>\u201c. K\u00f5ik elulood s\u00e4ilitatakse Eesti Kirjandusmuuseumis Eesti Kultuuriloolises Arhiivis.<\/p>\t\t\t\t\t\t<\/div>\n\t\t\t\t<\/div>\n\t\t\t\t<div class=\"elementor-element elementor-element-236b1b9 elementor-widget elementor-widget-text-editor\" data-id=\"236b1b9\" data-element_type=\"widget\" data-widget_type=\"text-editor.default\">\n\t\t\t\t<div class=\"elementor-widget-container\">\n\t\t\t\t\t\t\t<h3>T\u00e4name k\u00f5iki <a href=\"https:\/\/www.kirmus.ee\/tegevus\/eluloovoistlus-2016\/osavotjad\" target=\"_blank\" rel=\"noopener\">osav\u00f5tjaid<\/a>!<\/h3>\t\t\t\t\t\t<\/div>\n\t\t\t\t<\/div>\n\t\t\t\t<div class=\"elementor-element elementor-element-afce29a elementor-widget elementor-widget-image\" data-id=\"afce29a\" data-element_type=\"widget\" data-widget_type=\"image.default\">\n\t\t\t\t<div class=\"elementor-widget-container\">\n\t\t\t\t\t\t\t\t\t\t\t\t\t<img fetchpriority=\"high\" decoding=\"async\" width=\"1024\" height=\"683\" src=\"https:\/\/galerii.kirmus.ee\/elulood\/wp-content\/uploads\/2019\/07\/Eluloot\u00f6\u00f6d2-1024x683.jpg\" class=\"attachment-large size-large wp-image-214\" alt=\"\" srcset=\"https:\/\/galerii.kirmus.ee\/elulood\/wp-content\/uploads\/2019\/07\/Eluloot\u00f6\u00f6d2.jpg 1024w, https:\/\/galerii.kirmus.ee\/elulood\/wp-content\/uploads\/2019\/07\/Eluloot\u00f6\u00f6d2-300x200.jpg 300w, https:\/\/galerii.kirmus.ee\/elulood\/wp-content\/uploads\/2019\/07\/Eluloot\u00f6\u00f6d2-768x512.jpg 768w\" sizes=\"(max-width: 1024px) 100vw, 1024px\" \/>\t\t\t\t\t\t\t\t\t\t\t\t\t<\/div>\n\t\t\t\t<\/div>\n\t\t\t\t<div class=\"elementor-element elementor-element-5b94dcb elementor-widget elementor-widget-text-editor\" data-id=\"5b94dcb\" data-element_type=\"widget\" data-widget_type=\"text-editor.default\">\n\t\t\t\t<div class=\"elementor-widget-container\">\n\t\t\t\t\t\t\t<p>V\u00f5istlusel m\u00e4\u00e4rati seitse peapreemiat, 16 t\u00f6\u00f6d t\u00f5steti esile ja 34 m\u00e4rgiti \u00e4ra. V\u00f5itjaid ja k\u00f5iki osav\u00f5tjaid saab n\u00e4ha <a href=\"https:\/\/www.kirmus.ee\/tegevus\/eluloovoistlus-2016\/osavotjad\" target=\"_blank\" rel=\"noopener\">siit<\/a>.<\/p><p>V\u00f5istluse \u017e\u00fcrii: Terje Anepaio, Tiiu Jaago, Merle Karusoo, Tiina Ann Kirss, Aigi Rahi-Tamm, Astrid Tuisk, J\u00fcrgen Volmer.<\/p><p>V\u00f5istluse toimkond: Rutt Hinrikus, \u00dclle Kaart, Astrid Tuisk.<\/p><p>V\u00f5istluse korraldajad: Eesti Kirjandusmuuseumi Eesti Kultuurilooline ja Eesti Rahvaluule Arhiiv, \u00dchendus Eesti Elulood, Eesti \u00d5ppet\u00f6\u00f6 Keskus V<\/p><p>EMU Torontos, Kirjastus T\u00e4nap\u00e4ev.<\/p><p>Kontaktaadress: Eesti Kirjandusmuuseum, Vanemuise 42, Tartu 51003. E-mail: <a href=\"mailto:elulood@kirmus.ee\">elulood@kirmus.ee<\/a><\/p>\t\t\t\t\t\t<\/div>\n\t\t\t\t<\/div>\n\t\t\t\t\t<\/div>\n\t\t<\/div>\n\t\t\t\t\t<\/div>\n\t\t<\/section>\n\t\t\t\t<section class=\"elementor-section elementor-top-section elementor-element elementor-element-26e4163 elementor-section-boxed elementor-section-height-default elementor-section-height-default\" data-id=\"26e4163\" data-element_type=\"section\">\n\t\t\t\t\t\t<div class=\"elementor-container elementor-column-gap-default\">\n\t\t\t\t\t<div class=\"elementor-column elementor-col-100 elementor-top-column elementor-element elementor-element-e20cb63\" data-id=\"e20cb63\" data-element_type=\"column\">\n\t\t\t<div class=\"elementor-widget-wrap elementor-element-populated\">\n\t\t\t\t\t\t<div class=\"elementor-element elementor-element-f095506 elementor-widget elementor-widget-heading\" data-id=\"f095506\" data-element_type=\"widget\" data-widget_type=\"heading.default\">\n\t\t\t\t<div class=\"elementor-widget-container\">\n\t\t\t<h3 class=\"elementor-heading-title elementor-size-default\">Eluloov\u00f5istluse \u017e\u00fcrii t\u00f6\u00f6hoos:<\/h3>\t\t<\/div>\n\t\t\t\t<\/div>\n\t\t\t\t\t<\/div>\n\t\t<\/div>\n\t\t\t\t\t<\/div>\n\t\t<\/section>\n\t\t\t\t<section class=\"elementor-section elementor-top-section elementor-element elementor-element-ea4572f elementor-section-boxed elementor-section-height-default elementor-section-height-default\" data-id=\"ea4572f\" data-element_type=\"section\">\n\t\t\t\t\t\t<div class=\"elementor-container elementor-column-gap-default\">\n\t\t\t\t\t<div class=\"elementor-column elementor-col-50 elementor-top-column elementor-element elementor-element-6a6c495\" data-id=\"6a6c495\" data-element_type=\"column\">\n\t\t\t<div class=\"elementor-widget-wrap elementor-element-populated\">\n\t\t\t\t\t\t<div class=\"elementor-element elementor-element-a90a6b7 elementor-widget elementor-widget-image\" data-id=\"a90a6b7\" data-element_type=\"widget\" data-widget_type=\"image.default\">\n\t\t\t\t<div class=\"elementor-widget-container\">\n\t\t\t\t\t\t\t\t\t\t\t\t\t<img decoding=\"async\" width=\"1024\" height=\"683\" src=\"https:\/\/galerii.kirmus.ee\/elulood\/wp-content\/uploads\/2019\/07\/Elujaarmastus_toim2-1024x683.jpg\" class=\"attachment-large size-large wp-image-219\" alt=\"\" srcset=\"https:\/\/galerii.kirmus.ee\/elulood\/wp-content\/uploads\/2019\/07\/Elujaarmastus_toim2.jpg 1024w, https:\/\/galerii.kirmus.ee\/elulood\/wp-content\/uploads\/2019\/07\/Elujaarmastus_toim2-300x200.jpg 300w, https:\/\/galerii.kirmus.ee\/elulood\/wp-content\/uploads\/2019\/07\/Elujaarmastus_toim2-768x512.jpg 768w\" sizes=\"(max-width: 1024px) 100vw, 1024px\" \/>\t\t\t\t\t\t\t\t\t\t\t\t\t<\/div>\n\t\t\t\t<\/div>\n\t\t\t\t\t<\/div>\n\t\t<\/div>\n\t\t\t\t<div class=\"elementor-column elementor-col-50 elementor-top-column elementor-element elementor-element-fc4f46a\" data-id=\"fc4f46a\" data-element_type=\"column\">\n\t\t\t<div class=\"elementor-widget-wrap elementor-element-populated\">\n\t\t\t\t\t\t<div class=\"elementor-element elementor-element-79d243e elementor-widget elementor-widget-image\" data-id=\"79d243e\" data-element_type=\"widget\" data-widget_type=\"image.default\">\n\t\t\t\t<div class=\"elementor-widget-container\">\n\t\t\t\t\t\t\t\t\t\t\t\t\t<img decoding=\"async\" width=\"1024\" height=\"683\" src=\"https:\/\/galerii.kirmus.ee\/elulood\/wp-content\/uploads\/2019\/07\/Elujaarmastus_toim4-1024x683.jpg\" class=\"attachment-large size-large wp-image-223\" alt=\"\" srcset=\"https:\/\/galerii.kirmus.ee\/elulood\/wp-content\/uploads\/2019\/07\/Elujaarmastus_toim4.jpg 1024w, https:\/\/galerii.kirmus.ee\/elulood\/wp-content\/uploads\/2019\/07\/Elujaarmastus_toim4-300x200.jpg 300w, https:\/\/galerii.kirmus.ee\/elulood\/wp-content\/uploads\/2019\/07\/Elujaarmastus_toim4-768x512.jpg 768w\" sizes=\"(max-width: 1024px) 100vw, 1024px\" \/>\t\t\t\t\t\t\t\t\t\t\t\t\t<\/div>\n\t\t\t\t<\/div>\n\t\t\t\t\t<\/div>\n\t\t<\/div>\n\t\t\t\t\t<\/div>\n\t\t<\/section>\n\t\t\t\t<section class=\"elementor-section elementor-top-section elementor-element elementor-element-be3bc0a elementor-section-boxed elementor-section-height-default elementor-section-height-default\" data-id=\"be3bc0a\" data-element_type=\"section\">\n\t\t\t\t\t\t<div class=\"elementor-container elementor-column-gap-default\">\n\t\t\t\t\t<div class=\"elementor-column elementor-col-100 elementor-top-column elementor-element elementor-element-d71f351\" data-id=\"d71f351\" data-element_type=\"column\">\n\t\t\t<div class=\"elementor-widget-wrap elementor-element-populated\">\n\t\t\t\t\t\t<div class=\"elementor-element elementor-element-289d768 elementor-widget elementor-widget-image\" data-id=\"289d768\" data-element_type=\"widget\" data-widget_type=\"image.default\">\n\t\t\t\t<div class=\"elementor-widget-container\">\n\t\t\t\t\t\t\t\t\t\t\t\t\t<img loading=\"lazy\" decoding=\"async\" width=\"595\" height=\"842\" src=\"https:\/\/galerii.kirmus.ee\/elulood\/wp-content\/uploads\/2019\/07\/Eluloovoistlus_uus1.jpg\" class=\"attachment-medium_large size-medium_large wp-image-227\" alt=\"\" srcset=\"https:\/\/galerii.kirmus.ee\/elulood\/wp-content\/uploads\/2019\/07\/Eluloovoistlus_uus1.jpg 595w, https:\/\/galerii.kirmus.ee\/elulood\/wp-content\/uploads\/2019\/07\/Eluloovoistlus_uus1-212x300.jpg 212w\" sizes=\"(max-width: 595px) 100vw, 595px\" \/>\t\t\t\t\t\t\t\t\t\t\t\t\t<\/div>\n\t\t\t\t<\/div>\n\t\t\t\t<div class=\"elementor-element elementor-element-ae7dd8f elementor-widget elementor-widget-text-editor\" data-id=\"ae7dd8f\" data-element_type=\"widget\" data-widget_type=\"text-editor.default\">\n\t\t\t\t<div class=\"elementor-widget-container\">\n\t\t\t\t\t\t\t<p>\u00dcleskutse printimiseks <a href=\"https:\/\/www.kirmus.ee\/sites\/default\/files\/2020-02\/EV100_l%C3%BChike%20tekst_jpg.jpg\" target=\"_blank\" rel=\"noopener\">l\u00fchema<\/a> ja <a href=\"https:\/\/www.kirmus.ee\/sites\/default\/files\/2020-02\/Eluloovoistlus_uus1.jpg\" target=\"_blank\" rel=\"noopener\">pikema<\/a> tekstiga<\/p><p><a href=\"https:\/\/www.kirmus.ee\/sites\/default\/files\/2020-02\/Eluloovoistlus_uus1.jpg\" target=\"_blank\" rel=\"noopener\">\u00dcleskutse<\/a> (<a href=\"https:\/\/www.kirmus.ee\/sites\/default\/files\/2020-02\/ELULOOV%C3%95ISTLUS_EESTI_VABARIIGI_100.doc\">word<\/a>)<\/p><p>Venekeelne \u00fcleskutse <a href=\"https:\/\/www.kirmus.ee\/sites\/default\/files\/2020-02\/%D0%91%D0%B8%D0%BE%D0%B3%D1%80%D0%B0%D1%84%D0%B8%D1%8F2016.doc\">\u0411\u0438\u043e\u0433\u0440\u0430\u0444\u0438\u044f 2016<\/a><\/p><p><a href=\"https:\/\/www.ev100.ee\/et\/eluloov%C3%B5istlus-eesti-vabariigi-100-s%C3%BCnnip%C3%A4evaks\" target=\"_blank\" rel=\"noopener\">\u201cEesti Vabariik 100\u201d lehek\u00fclg<\/a><\/p>\t\t\t\t\t\t<\/div>\n\t\t\t\t<\/div>\n\t\t\t\t\t<\/div>\n\t\t<\/div>\n\t\t\t\t\t<\/div>\n\t\t<\/section>\n\t\t\t\t<\/div>\n\t\t","protected":false},"excerpt":{"rendered":"<p>2015. aasta detsembrist kuni 2017. aasta jaanuarini leidis aset eluloov\u00f5istlus \u201cEesti Vabariik 100. Minu elu ja armastus\u201d 2015. aasta detsembrist kuni 2017. aasta jaanuarini leidis aset eluloov\u00f5istlus \u201cEesti Vabariik 100. Minu elu ja armastus\u201c. V\u00f5istlus l\u00f5petati ja \u00e4ram\u00e4rgitud tehti teatavaks Eesti Kirjandusmuuseumis eluloo- ja kaast\u00f6\u00f6liste p\u00e4eval 04.04.2017. V\u00f5istlusele saadeti 193 kaast\u00f6\u00f6d. Saadetud elulugude seas on [&hellip;]<\/p>\n","protected":false},"author":1,"featured_media":0,"parent":15,"menu_order":0,"comment_status":"closed","ping_status":"closed","template":"","meta":{"footnotes":""},"class_list":["post-57","page","type-page","status-publish","hentry"],"yoast_head":"<!-- This site is optimized with the Yoast SEO plugin v14.2 - https:\/\/yoast.com\/wordpress\/plugins\/seo\/ -->\n<meta name=\"robots\" content=\"index, follow\" \/>\n<meta name=\"googlebot\" content=\"index, follow, max-snippet:-1, max-image-preview:large, max-video-preview:-1\" \/>\n<meta name=\"bingbot\" content=\"index, follow, max-snippet:-1, max-image-preview:large, max-video-preview:-1\" \/>\n<link rel=\"canonical\" href=\"https:\/\/galerii.kirmus.ee\/elulood\/ajalugu-tegevus\/eluloovoistlus-2016\/\" \/>\n<meta property=\"og:locale\" content=\"en_US\" \/>\n<meta property=\"og:type\" content=\"article\" \/>\n<meta property=\"og:title\" content=\"Eluloov\u00f5istlus 2016 &ndash; \u00dchendus Eesti Elulood\" \/>\n<meta property=\"og:description\" content=\"2015. aasta detsembrist kuni 2017. aasta jaanuarini leidis aset eluloov\u00f5istlus \u201cEesti Vabariik 100. Minu elu ja armastus\u201d 2015. aasta detsembrist kuni 2017. aasta jaanuarini leidis aset eluloov\u00f5istlus \u201cEesti Vabariik 100. Minu elu ja armastus\u201c. V\u00f5istlus l\u00f5petati ja \u00e4ram\u00e4rgitud tehti teatavaks Eesti Kirjandusmuuseumis eluloo- ja kaast\u00f6\u00f6liste p\u00e4eval 04.04.2017. V\u00f5istlusele saadeti 193 kaast\u00f6\u00f6d. Saadetud elulugude seas on [&hellip;]\" \/>\n<meta property=\"og:url\" content=\"https:\/\/galerii.kirmus.ee\/elulood\/ajalugu-tegevus\/eluloovoistlus-2016\/\" \/>\n<meta property=\"og:site_name\" content=\"\u00dchendus Eesti Elulood\" \/>\n<meta property=\"article:publisher\" content=\"https:\/\/www.facebook.com\/eestielulood\/\" \/>\n<meta property=\"article:modified_time\" content=\"2020-03-25T08:59:00+00:00\" \/>\n<meta property=\"og:image\" content=\"https:\/\/galerii.kirmus.ee\/elulood\/wp-content\/uploads\/2019\/07\/Eluloot\u00f6\u00f6d2-1024x683.jpg\" \/>\n<meta name=\"twitter:card\" content=\"summary_large_image\" \/>\n<script type=\"application\/ld+json\" class=\"yoast-schema-graph\">{\"@context\":\"https:\/\/schema.org\",\"@graph\":[{\"@type\":\"Organization\",\"@id\":\"https:\/\/galerii.kirmus.ee\/elulood\/#organization\",\"name\":\"\\u00dchendus Eesti Elulood\",\"url\":\"https:\/\/galerii.kirmus.ee\/elulood\/\",\"sameAs\":[\"https:\/\/www.facebook.com\/eestielulood\/\"],\"logo\":{\"@type\":\"ImageObject\",\"@id\":\"https:\/\/galerii.kirmus.ee\/elulood\/#logo\",\"inLanguage\":\"en-US\",\"url\":\"https:\/\/galerii.kirmus.ee\/elulood\/wp-content\/uploads\/2020\/02\/Kirjandusmuuseum_logo@2x.png\",\"width\":598,\"height\":161,\"caption\":\"\\u00dchendus Eesti Elulood\"},\"image\":{\"@id\":\"https:\/\/galerii.kirmus.ee\/elulood\/#logo\"}},{\"@type\":\"WebSite\",\"@id\":\"https:\/\/galerii.kirmus.ee\/elulood\/#website\",\"url\":\"https:\/\/galerii.kirmus.ee\/elulood\/\",\"name\":\"\\u00dchendus Eesti Elulood\",\"description\":\"\\u00dchendus Eesti Elulood - Elulugu on midagi \\u00f5rna ja intiimset, soov avalikustada on tavaliselt lahutamatu varjamise soovist\",\"publisher\":{\"@id\":\"https:\/\/galerii.kirmus.ee\/elulood\/#organization\"},\"potentialAction\":[{\"@type\":\"SearchAction\",\"target\":\"https:\/\/galerii.kirmus.ee\/elulood\/?s={search_term_string}\",\"query-input\":\"required name=search_term_string\"}],\"inLanguage\":\"en-US\"},{\"@type\":\"ImageObject\",\"@id\":\"https:\/\/galerii.kirmus.ee\/elulood\/ajalugu-tegevus\/eluloovoistlus-2016\/#primaryimage\",\"inLanguage\":\"en-US\",\"url\":\"https:\/\/galerii.kirmus.ee\/elulood\/wp-content\/uploads\/2019\/07\/Eluloot\\u00f6\\u00f6d2.jpg\",\"width\":1024,\"height\":683},{\"@type\":\"WebPage\",\"@id\":\"https:\/\/galerii.kirmus.ee\/elulood\/ajalugu-tegevus\/eluloovoistlus-2016\/#webpage\",\"url\":\"https:\/\/galerii.kirmus.ee\/elulood\/ajalugu-tegevus\/eluloovoistlus-2016\/\",\"name\":\"Eluloov\\u00f5istlus 2016 &ndash; \\u00dchendus Eesti Elulood\",\"isPartOf\":{\"@id\":\"https:\/\/galerii.kirmus.ee\/elulood\/#website\"},\"primaryImageOfPage\":{\"@id\":\"https:\/\/galerii.kirmus.ee\/elulood\/ajalugu-tegevus\/eluloovoistlus-2016\/#primaryimage\"},\"datePublished\":\"2019-07-11T10:22:12+00:00\",\"dateModified\":\"2020-03-25T08:59:00+00:00\",\"inLanguage\":\"en-US\",\"potentialAction\":[{\"@type\":\"ReadAction\",\"target\":[\"https:\/\/galerii.kirmus.ee\/elulood\/ajalugu-tegevus\/eluloovoistlus-2016\/\"]}]}]}<\/script>\n<!-- \/ Yoast SEO plugin. -->","_links":{"self":[{"href":"https:\/\/galerii.kirmus.ee\/elulood\/wp-json\/wp\/v2\/pages\/57"}],"collection":[{"href":"https:\/\/galerii.kirmus.ee\/elulood\/wp-json\/wp\/v2\/pages"}],"about":[{"href":"https:\/\/galerii.kirmus.ee\/elulood\/wp-json\/wp\/v2\/types\/page"}],"author":[{"embeddable":true,"href":"https:\/\/galerii.kirmus.ee\/elulood\/wp-json\/wp\/v2\/users\/1"}],"replies":[{"embeddable":true,"href":"https:\/\/galerii.kirmus.ee\/elulood\/wp-json\/wp\/v2\/comments?post=57"}],"version-history":[{"count":19,"href":"https:\/\/galerii.kirmus.ee\/elulood\/wp-json\/wp\/v2\/pages\/57\/revisions"}],"predecessor-version":[{"id":445,"href":"https:\/\/galerii.kirmus.ee\/elulood\/wp-json\/wp\/v2\/pages\/57\/revisions\/445"}],"up":[{"embeddable":true,"href":"https:\/\/galerii.kirmus.ee\/elulood\/wp-json\/wp\/v2\/pages\/15"}],"wp:attachment":[{"href":"https:\/\/galerii.kirmus.ee\/elulood\/wp-json\/wp\/v2\/media?parent=57"}],"curies":[{"name":"wp","href":"https:\/\/api.w.org\/{rel}","templated":true}]}}